divided by (-2)/(-6) + 14/3?
3
Suppose 2*w = 2*t - 2*w - 6, 3*t + 3*w = 18. Calculate the remainder when (2/(-4))/(t/(-70)) is divided by 5.
2
Let s be 0 - -4*(-7)/(-1). Let u be 51/7 + (-8)/s. Suppose u + 45 = 4*f. Calculate the remainder when 24 is divided by f.
11
Let f be 26/130 + (-494)/(-5). Let m = 122 - f. What is the remainder when m is divided by 10?
3
Suppose 9*i = -2*i + 297. What is the remainder when ((-1)/3)/((-12)/1908) is divided by i?
26
Let v(u) = -u**2 - 18*u + 77. Suppose -49 + 17 = -2*o - 4*a, -3*o + 3*a = -21. What is the remainder when v(-20) is divided by o?
7
Let g(t) = -t**3 - 11*t**2 - 12*t - 20. Let p be g(-10). What is the remainder when 168 is divided by (17/2 + p)*(-36)/(-9)?
32
Suppose -780 + 289 = -4*s + g, 2*g = 3*s - 362. Calculate the remainder when s is divided by 16.
12
Suppose 12 = 4*v, -2*a + 14 = 3*a - 2*v. Suppose -3*k + k = 0, 0 = -a*l + 4*k + 20. What is the remainder when 10 is divided by l?
0
Let q = -2263 + 2270. Let a = 19 + -6. Calculate the remainder when a is divided by q.
6
Calculate the remainder when 73 is divided by 0/(-4) + 1 - -38.
34
Let j be (308/(-10))/((-12)/30). Suppose g + j = 2*g. Let v = -3 + 23. Calculate the remainder when g is divided by v.
17
Let p(g) = g - 1. Let x be p(-7). Let q(c) = -c**3 - 7*c**2 - 3*c - 6. Calculate the remainder when q(x) is divided by 21.
19
Suppose -2*t + 72 + 8 = 0. Calculate the remainder when 117 is divided by t.
37
Let m = -7 + 7. Suppose 3*h - h - 20 = 0. Let r = h - m. Calculate the remainder when r is divided by 6.
4
Suppose -2*m + l = -303, 13*m + 4*l - 438 = 10*m. What is the remainder when m is divided by 31?
26
Suppose 0 = -2*t - 2*t. Suppose t = -6*q + 2*q. Suppose 2*o - 32 = -2*s, q*o - 5*s - 72 = -3*o. What is the remainder when o is divided by 5?
4
Let b(f) = f**2 - 19*f + 15. Let c(q) = -3*q. Let g be c(-1). Suppose -6*r = -g*r - l - 26, 5*r - 46 = -l. What is the remainder when b(19) is divided by r?
6
Suppose 3*w + 93 - 186 = 0. Suppose -4*g + 79 = 11. What is the remainder when w is divided by g?
14
Let m(i) = -51*i - 1. Suppose p = 4*n + 2, 3*n + 3 - 2 = p. What is the remainder when m(n) is divided by 18?
14
Let z be (508/(-16))/(2/(-8)). Suppose -4*f = z + 101. Let w = -34 - f. Calculate the remainder when 44 is divided by w.
21
Suppose -5*z + 6 + 3 = -p, 2*z + 5*p - 9 = 0. Suppose h + 5*d = 41, 7 = d + z. What is the remainder when 79 is divided by h?
15
Let o(q) = -48*q - 84. Calculate the remainder when 157 is divided by o(-2).
1
Suppose 3*z + 5*k - 9 = 2, 0 = -z - 2*k + 4. Let t(s) = -2*s**3 + 86*s**2 + 181*s - 35. What is the remainder when t(45) is divided by z?
0
Let r = -62 + 61. Let v = 41 + r. What is the remainder when v is divided by 22?
18
Suppose 5*z - 71 = -5*d + 94, -5*z + 120 = -4*d. Calculate the remainder when 59 is divided by z.
3
Suppose 5*v + 3*j - 15 = 2*v, -4*v - j + 5 = 0. Suppose 5*q - 92 = 3*z, 2*q - 4*z - 9 - 39 = v. What is the remainder when 25 is divided by q?
9
Calculate the remainder when (-173)/(-7 + -7 + 207/15) is divided by 29.
24
Calculate the remainder when (1 - 14/3)*-9 is divided by 14.
5
Let k(y) = y**3 + y. Let a be k(1). What is the remainder when (1/1)/((-2)/(-102)) is divided by -3 - (-17 - (a + -3))?
12
Let n(k) = -2*k - 1. Let b be n(-1). Let o be b/(-3)*(-1 - 320). Let r = o + -75. Calculate the remainder when 125 is divided by r.
29
Let c = 364 - 345. What is the remainder when c is divided by 9?
1
Let o be ((12/(-30))/(2/(-40)))/2. Suppose -o*v = 3*v - 189. Calculate the remainder when v is divided by 4.
3
Let l(s) = 71*s - 20. Calculate the remainder when l(1) is divided by 12.
3
Suppose -36 = -22*f + 13*f. Suppose 3*t = 4*m - 390, -m + 86 = f*t + t. Calculate the remainder when m is divided by 51.
45
Calculate the remainder when 127 is divided by 21 - (4/(-5) + 864/(-120)).
11
Let t = 226 + -214. Calculate the remainder when 107 is divided by t.
11
Let d(r) be the second derivative of 5*r**4/12 + 5*r**3/6 + 13*r. What is the remainder when 109 is divided by d(-2)?
9
Let c = 1191 + -1139. What is the remainder when c is divided by 18?
16
Let z be (-1422)/(-10) + (-5)/25. Let i = -132 + z. What is the remainder when 119 is divided by i?
9
Suppose 36 = 20*m - 44. What is the remainder when 0 + -2 + (0 - -14) is divided by m?
0
Let f = 39 - 9. Let s = f + -19. What is the remainder when 41 is divided by s?
8
Let v = 95 - 59. Suppose 4*w + 28 = t, 0*w + v = 2*t + 2*w. Calculate the remainder when t is divided by 1/(4/(-7))*-4.
6
Let x(v) = v**2 - 20*v - 37. Let r be x(22). Let p(k) = k**3 - 6*k**2 - 5*k + 14. What is the remainder when 40 is divided by p(r)?
12
Let o(g) = g**3 - 5*g**2 - 4*g + 9. Calculate the remainder when o(6) is divided by ((-9)/(-4))/(12/64).
9
Let o = 570 + -550. Calculate the remainder when o is divided by 5.
0
Suppose -2*b - 1618 = -3*g + 2*b, 0 = g - 5*b - 554. Suppose 3*j + g = 2*j. Calculate the remainder when 55 is divided by (-2)/3 - j/18.
26
Suppose 0 = -4*p + 3*g - 2*g - 9, 2*p - 2*g = -6. Let t = p + 5. Let w = -187 - -188. Calculate the remainder when t is divided by w.
0
Suppose 6*c - 33 = -5*c. Suppose 3*m + 51 = 3*y, c*y = -y + m + 65. Calculate the remainder when 127 is divided by y.
15
Suppose 0 = -y + 4, 0 = -3*w - 3*y + 126 + 1155. Calculate the remainder when w is divided by 85.
83
Suppose 4*i - 9*i + 113 = 3*r, -r + 3*i = -19. What is the remainder when 60 is divided by r?
29
Let r(v) = 15*v - 7. Let q be r(4). Let s = q + -18. Calculate the remainder when 67 is divided by s.
32
Let a be (-12)/42 - 46/(-14). Suppose -21 = a*w + 3. Let c = w + 12. What is the remainder when 10 is divided by c?
2
Suppose 0 = i + 1 + 3, q + 2 = -2*i. Let f(w) be the third derivative of w**4/8 + 4*w**3/3 + w**2. Calculate the remainder when f(q) is divided by 14.
12
Let n(h) = 49*h + 20. Let i = -207 + 130. Let p = 116 + i. What is the remainder when p is divided by n(0)?
19
Suppose -4*i - 105 = 4*f - 5*f, 3*i - 5*f = -100. Let j = 8 - i. Calculate the remainder when 63 is divided by j.
30
Suppose 0*n = 5*n - 2*z - 31, 0 = -4*z - 12. Let p(i) = i**3 - 6*i**2 + i. Let x be p(n). Calculate the remainder when (-4)/x - 596/(-20) is divided by 16.
14
Let l(y) = 3*y - 11. Calculate the remainder when l(13) is divided by 4.
0
Let w = 599 + -267. What is the remainder when w is divided by 5?
2
Suppose 28*q - 198 = -30. What is the remainder when 30 is divided by q?
0
Suppose -3*p - 41 = -4*b + 202, 0 = -p + 3. What is the remainder when 500 is divided by b?
59
Let h = 429 + -413. Calculate the remainder when 179 is divided by h.
3
Let n(m) = 2*m**2 + 35*m + 174. Calculate the remainder when 495 is divided by n(-11).
30
Let i be -3 - 637*-1*1. Suppose -4*p + 4*v - i = -9*p, -3*v - 12 = 0. What is the remainder when p is divided by 11?
9
Suppose -5*r + 6 + 9 = 0. Let g = r - -2. Suppose g*d - 42 = -3*l, -3*d = -5*l + 44 - 8. What is the remainder when 25 is divided by l?
7
Let l(r) = -15*r**2 - 1 + 18*r**2 - 3*r + r. Calculate the remainder when 33 is divided by l(2).
5
What is the remainder when 129 is divided by 43/(-43)*55/(-2)*2?
19
Let g be -25*-2*(-4*1)/(-8). Suppose -10*b = -5*b - g. What is the remainder when 12 is divided by b?
2
Let r(u) = -4*u - 24. Let y be r(0). What is the remainder when 4/y*-8*54 is divided by 19?
15
Let c = 58 - -4. Let x = -36 + c. What is the remainder when x is divided by 7?
5
Suppose -4*q + 5 = -15. Calculate the remainder when 108/8 + (-4)/8 is divided by q.
3
Let s(l) = -l**2 + 11*l + 7. Suppose -4*m - 146 = -7*m - 5*g, g = 2*m - 93. Calculate the remainder when m is divided by s(9).
22
Let s(f) = -f**3 + 3*f**2 + 5*f + 12. Calculate the remainder when 95 is divided by s(-3).
44
Let j = -2070 + 2683. What is the remainder when j is divided by 43?
11
Let s = 1507 + -4900. Calculate the remainder when 72 is divided by s/(-135) + (-2)/15.
22
Let t(f) = -2*f**3 - f + 1. Let a be t(1). Let c(o) = 13*o**2 + 3*o + 3. What is the remainder when c(a) is divided by -3 - (-3 + 2 + -15)?
10
Let o(y) = -y**3 + 11*y**2 + 14*y - 10. Suppose 12 = i - 0. Suppose 5*n - 3*b - 331 = 0, n - 2*b = 2*n - 74. Calculate the remainder when n is divided by o(i).
12
Let y be -7 + (-154)/(-35) - (-3)/5. Calculate the remainder when 13 is divided by (-1)/